is the thousands digit of 14283?
4
What is the tens digit of 496?
9
What is the hundreds digit of 27967?
9
What is the hundreds digit of 1197?
1
What is the units digit of 561?
1
What is the tens digit of 184?
8
What is the tens digit of 550?
5
What is the hundreds digit of 1173?
1
What is the tens digit of 510?
1
What is the hundreds digit of 1154?
1
What is the units digit of 211?
1
What is the hundreds digit of 62076?
0
What is the units digit of 3322?
2
What is the units digit of 72072?
2
What is the hundreds digit of 6701?
7
What is the thousands digit of 1697?
1
What is the tens digit of 905?
0
What is the hundreds digit of 37492?
4
What is the thousands digit of 30506?
0
What is the tens digit of 766?
6
What is the thousands digit of 3079?
3
What is the thousands digit of 13537?
3
What is the hundreds digit of 20801?
8
What is the hundreds digit of 7473?
4
What is the ten thousands digit of 24036?
2
What is the units digit of 2?
2
What is the tens digit of 14689?
8
What is the ten thousands digit of 45037?
4
What is the tens digit of 743?
4
What is the thousands digit of 45863?
5
What is the units digit of 1657?
7
What is the units digit of 4993?
3
What is the hundreds digit of 1139?
1
What is the tens digit of 512?
1
What is the units digit of 372?
2
What is the units digit of 402?
2
What is the thousands digit of 34231?
4
What is the hundreds digit of 2742?
7
What is the hundred thousands digit of 143873?
1
What is the units digit of 21099?
9
What is the tens digit of 32729?
2
What is the thousands digit of 2154?
2
What is the hundreds digit of 5157?
1
What is the hundreds digit of 86746?
7
What is the hundreds digit of 739?
7
What is the units digit of 11529?
9
What is the units digit of 9508?
8
What is the hundreds digit of 831?
8
What is the ten thousands digit of 13334?
1
What is the thousands digit of 6443?
6
What is the tens digit of 12849?
4
What is the hundreds digit of 583?
5
What is the tens digit of 1224?
2
What is the tens digit of 793?
9
What is the tens digit of 233?
3
What is the units digit of 999?
9
What is the units digit of 1497?
7
What is the ten thousands digit of 104292?
0
What is the tens digit of 15999?
9
What is the hundreds digit of 281?
2
What is the units digit of 25331?
1
What is the thousands digit of 10238?
0
What is the units digit of 1358?
8
What is the ten thousands digit of 21790?
2
What is the tens digit of 414?
1
What is the units digit of 5038?
8
What is the tens digit of 31202?
0
What is the tens digit of 12788?
8
What is the tens digit of 246?
4
What is the hundreds digit of 299?
2
What is the thousands digit of 179686?
9
What is the tens digit of 17270?
7
What is the thousands digit of 2890?
2
What is the hundred thousands digit of 188506?
1
What is the hundreds digit of 4935?
9
What is the hundreds digit of 1669?
6
What is the tens digit of 145078?
7
What is the units digit of 88440?
0
What is the units digit of 8772?
2
What is the units digit of 43397?
7
What is the tens digit of 175080?
8
What is the hundreds digit of 6454?
4
What is the units digit of 2202?
2
What is the hundreds digit of 3529?
5
What is the units digit of 2627?
7
What is the tens digit of 278?
7
What is the thousands digit of 2105?
2
What is the tens digit of 4741?
4
What is the tens digit of 17123?
2
What is the units digit of 36061?
1
What is the hundreds digit of 3597?
5
What is the hundreds digit of 46767?
7
What is the units digit of 107170?
0
What is the tens digit of 910?
1
What is the tens digit of 137091?
9
What is the units digit of 1644?
4
What is the hundreds digit of 158837?
8
What is the tens digit of 16181?
8
What is the units digit of 489?
9
What is the units digit of 9227?
7
What is the thousands digit of 1637?
1
What is the hundreds digit of 4093?
0
What is the units digit of 2147?
7
What is the tens digit of 182622?
2
What is the tens digit of 244?
4
What is the tens digit of 8273?
7
What is the hundreds digit of 1571?
5
What is the units digit of 50782?
2
What is the thousands digit of 24367?
4
What is the units digit of 1068?
8
What is the units digit of 3874?
4
What is the tens digit of 12099?
9
What is the hundreds digit of 12033?
0
What is the units digit of 177?
7
What is the hundreds digit of 4677?
6
What is the hundreds digit of 887?
8
What is the tens digit of 595?
9
What is the tens digit of 1979?
7
What is the thousands digit of 48149?
8
What is the units digit of 6516?
6
What is the tens digit of 14540?
4
What is the units digit of 71034?
4
What is the thousands digit of 107699?
7
What is the ten thousands digit of 49415?
4
What is the units digit of 5182?
2
What is the tens digit of 5477?
7
What is the tens digit of 145416?
1
What is the hundreds digit of 757?
7
What is the units digit of 1143?
3
What is the tens digit of 1447?
4
What is the thousands digit of 39198?
9
What is the thousands digit of 5260?
5
What is the units digit of 8125?
5
What is the hundreds digit of 517?
5
What is the hundreds digit of 828?
8
What is the tens digit of 192?
9
What is the ten thousands digit of 29594?
2
What is the thousands digit of 8213?
8
What is the hundreds digit of 108?
1
What is the ten thousands digit of 53160?
5
What is the tens digit of 6356?
5
What is the units digit of 562?
2
What is the tens digit of 44374?
7
What is the tens digit of 2682?
8
What is the units digit of 9995?
5
What is the ten thousands digit of 37832?
3
What is the thousands digit of 3142?
3
What is the hundreds digit of 2516?
5
What is the hundreds digit of 6182?
1
What is the tens digit of 7458?
5
What is the hundreds digit of 88190?
1
What is the units digit of 5483?
3
What is the units digit of 1928?
8
What is the hundreds digit of 115101?
1
What is the units digit of 143292?
2
What is the units digit of 6165?
5
What is the hundreds digit of 3778?
7
What is the thousands digit of 3210?
3
What is the units digit of 3182?
2
What is the hundreds digit of 16114?
1
What is the hundreds digit of 61086?
0
What is the hundreds digit of 8592?
5
What is the units digit of 23409?
9
What is the ten thousands digit of 57472?
5
What is the ten thousands digit of 35726?
3
What is the thousands digit of 6203?
6
What is the hundreds digit of 1210?
2
What is the units digit of 5732?
2
What is the thousands digit of 4394?
4
What is the tens digit of 67271?
7
What is the tens digit of 857?
5
What is the tens digit of 1030?
3
What is the tens digit of 1118?
1
What is the thousands digit of 1914?
1
What is the hundreds digit of 3261?
2
What is the units digit of 15643?
3
What is the ten thousands digit of 46213?
4
What is the tens digit of 24893?
9
What is the units digit of 4444?
4
What is the units digit of 1927?
7
What is the thousands digit of 1681?
1
What is the hundred thousands digit of 107864?
1
What is the tens digit of 9164?
6
What is the units digit of 80704?
4
What is the hundreds digit of 2077?
0
What is the tens digit of 77402?
0
What is the tens digit of 1064?
6
What is the hundreds digit of 1735?
7
What is the units digit of 507?
7
What is the thousands digit of 3436?
3
What is the thousands digit of 4329?
4
What is the hundreds digit of 27198?
1
What is the units digit of 39549?
9
What is the thousands digit of 19837?
9
What is the units digit of 8462?
2
What is the thousands digit of 11976?
1
What is the units digit of 1214?
4
What is the hundreds digit of 8807?
8
What is the thousands digit of 4312?
4
What is the hundreds digit of 14153?
1
What is the hundreds digit of 1554?
5
What is the thousands digit of 9582?
9
What is the ten thousands digit of 19534?
1
What is the units digit of 19708?
8
What is the hundreds digit of 782?
7
What is the tens digit of 253?
5
What is the thousands digit of 6710?
6
What is the ten thousands digit of 14347?
1
What is the hundreds digit of 642?
6
What is the ten thousands digit of 105058?
0
What is the tens digit of 26224?
2
What is the hundreds digit of 607?
6
What is the ten thousands digit of 15986?
1
What is the hundreds digit of 40353?
3
What is the tens digit of 27303?
0
What is the units digit of 93213?
3
What is the thousands digit of 15387?
5
What is the tens digit of 283?
8
What is the thousands digit of 21725?
1
What is the units digit of 2243?
3
What is the tens digit of 355